k - 10 = -24. Calculate the remainder when u is divided by k.
6
Suppose -t + 26 = 5*f - 2*t, -f - 3*t = -2. Suppose -f*v - 1 = -4*h - 52, 27 = v - 5*h. What is the remainder when v is divided by 2?
1
Let w(p) = -7*p - 21. What is the remainder when 22 is divided by w(-4)?
1
Suppose -v - 4*z - z + 50 = 0, -2*z = -3*v + 133. Calculate the remainder when v is divided by 8.
5
Suppose -220 = -5*o + 5*c, o - 5*c + 131 = 5*o. Suppose -v = -4*v + o. What is the remainder when v is divided by 5?
3
Calculate the remainder when 69 - (1 + -1)/(-4) is divided by 18.
15
Let n = 13 + -24. Let q = n - -15. Calculate the remainder when q is divided by 4.
0
Suppose 0*j + 25 = -j. Let c = 41 + j. Calculate the remainder when c is divided by 6.
4
Let j = 10 - 7. Suppose 5 = j*o - 31. Calculate the remainder when 45 is divided by o.
9
What is the remainder when 44 is divided by (40 + -13)*(-1)/(-3)?
8
Let z(k) = -4*k - 6. Let p be 7/(-14)*(13 - 1). Calculate the remainder when 35 is divided by z(p).
17
Suppose f = 3*f - 44. What is the remainder when 41 is divided by f?
19
Suppose 5*g + 16 + 14 = 0. Let u be (-34)/6 + 2/g. Calculate the remainder when (-2)/(-6)*-2*u is divided by 3.
1
Suppose -2*f - 3*u + 0*u = -26, 2*u + 20 = 4*f. What is the remainder when 25 is divided by f?
4
Suppose 3*u - 140 = -2*u. Let p be ((-18)/21)/((-2)/u). Calculate the remainder when 22 is divided by 6/(9/p + 0).
6
Suppose l - 6*l + 80 = 0. Suppose 183 = 3*w + 3*v, -w + 7*v - 3*v = -66. Calculate the remainder when w is divided by l.
14
Calculate the remainder when 102 is divided by (-7)/(14/4) - (-1 + -14).
11
Let j = -590 - -597. What is the remainder when 42 + -2 + 1 - 1 is divided by j?
5
Let l = 150 - 98. What is the remainder when l is divided by 27?
25
Suppose -2*p - 5*v = 15 - 4, 5*p - 2*v = 16. Suppose p*l - 4*b = 8, 8 + 24 = l + 5*b. What is the remainder when l is divided by 6/(-4)*(-14)/3?
5
Suppose -g + 7 + 22 = 0. Suppose -2*p = -4*f + 18, f + 6 = 3*f + 2*p. Suppose -f*j + 16 = -24. Calculate the remainder when g is divided by j.
9
Let v = 56 + -9. What is the remainder when v is divided by ((-12)/(-10))/((-1)/(-20))?
23
Suppose 4*r = -o + 14, -r - 17 = -4*r - 4*o. What is the remainder when 7 is divided by r?
1
Let r = -30 + 21. Suppose -p - 5 = -0. Let k = p - r. Calculate the remainder when 10 is divided by k.
2
Let l(r) = r**2 - 27*r + 58. What is the remainder when 21 is divided by l(25)?
5
Suppose 4*j - 2*v - 52 = -v, -52 = -4*j + 2*v. What is the remainder when j is divided by 7?
6
Let s = 1 + 3. What is the remainder when 24 is divided by ((-18)/s)/(10/(-20))?
6
Suppose -o - 4*c + 12 = 0, -2*o - 2*c = 5 - 17. What is the remainder when 5 is divided by o?
1
Let l = 18 + -13. Suppose -l*o + 4 = -3*o. Let m = 2 + o. What is the remainder when m is divided by 3?
1
Suppose -u - 2*l = 3*l - 30, 3*u - 4*l = -5. Suppose u*s - s = 176. Calculate the remainder when s is divided by 15.
14
Let o(d) = d**3 - 8*d**2 + 6*d + 10. Suppose 3*h - 33 = -3*v, -v - 2*h + 3 = -3*h. What is the remainder when 5 is divided by o(v)?
2
Let a = -133 - -237. What is the remainder when 47 is divided by (a/39)/(4/18)?
11
Suppose -209 = -4*b - 9. Suppose -4*d + 69 = 3*c + 2*c, 30 = 2*c + 4*d. What is the remainder when b is divided by c?
11
Suppose -4*r = -j + 131, 4*j = 4*r + 572 - 24. Let q = j - 98. Calculate the remainder when q is divided by (4 - (5 + -4)) + 11.
13
Let p = -7 + 47. Suppose 3*t = 7*t - p. Suppose -87 - 8 = -5*f. What is the remainder when f is divided by t?
9
Suppose 2*v + 0*v - 22 = -2*j, 2*v - 30 = 2*j. Let o(t) = t**2 + t - 4. Calculate the remainder when o(6) is divided by v.
12
Let i(q) = q**3 - 4*q**2 + 5*q + 1. Let c(w) = 2*w. Let g be c(-1). Calculate the remainder when i(4) is divided by (-3)/(g - -5) - -12.
10
Let z be 20/(-3) + 2/3. Let s(d) = -d**2 - 9*d - 2. Calculate the remainder when s(z) is divided by 3.
1
Let x(v) = v + 7. Calculate the remainder when 23 is divided by x(6).
10
Suppose 5*o - 33 = 27. Let x = -7 + o. What is the remainder when (-1)/((-1)/12) + 1 is divided by x?
3
Let h(a) = -a**3 - a**2 + a - 3. Let j be h(-3). Suppose -d = -2*b + j, 0*b = b. What is the remainder when 3 is divided by 12/7 - d/42?
1
Let a(r) = -r + 23. Calculate the remainder when 2/((2/(-43))/(-1)) is divided by a(8).
13
Let w(o) = o**2 - 2*o + 1. Let m be w(-5). Suppose 0 = 3*n - r - 112, -2*n + 5*r - m = -89. What is the remainder when n is divided by 10?
9
Suppose 129 = 3*r - d, 2*r - 6*d + d - 73 = 0. Suppose -n - n = -r. Calculate the remainder when n is divided by 8.
6
Suppose -3*y = 3*x - 51, 2*x + 4*y - 36 = y. What is the remainder when 87 is divided by x?
12
Let s = -10 - -5. Let o = s + 11. Suppose -x + 22 = -3*q, 5*x - 2*x = 3*q + 54. Calculate the remainder when x is divided by o.
4
Let q = -7 + 13. Suppose 0 = -4*k + 3*k + 4. Suppose -k*g + 50 = -q. What is the remainder when g is divided by 8?
6
Suppose -187 - 73 = -4*g. What is the remainder when g is divided by 34?
31
Let j(z) = z**3 - z - 1. Let r(h) = h**3 - 7*h**2 - 8*h - 4. Let y(u) = 2*j(u) - r(u). What is the remainder when y(-6) is divided by 1?
0
Suppose -3 = -5*b - 3*z, 4 = -2*b + 2*z + 2. Let r = 1 - b. Let x(j) = 23*j**2 - j + 1. What is the remainder when x(r) is divided by 8?
7
Suppose 2*l = c + 146, 5*l - 351 = 3*c - 4*c. Calculate the remainder when l is divided by 18.
17
Suppose 8 = 2*u + 2*u. Calculate the remainder when u/(-6) - 275/(-15) is divided by 7.
4
Let n(y) = 3*y**2 - 2*y - 4. Calculate the remainder when n(6) is divided by 31.
30
Suppose -4*x + 6*x - 2 = 0. Let c = 5 + x. Calculate the remainder when c is divided by 4.
2
Let s = -10 + 16. Let a(g) = -g**3 + 5*g**2 + 7*g - 3. What is the remainder when 5 is divided by a(s)?
2
Let h be (-72)/8*(-1)/(-3). Let g = h + 12. What is the remainder when g is divided by 4?
1
Let q(b) = b - 3. Let a be q(3). Let r(n) = a*n**2 + 5*n**2 - 3*n**2. What is the remainder when r(1) is divided by 2?
0
Let u = -7 - -18. Let g = u - -5. Calculate the remainder when 47 is divided by g.
15
What is the remainder when 33/(-6)*-2 - 1 is divided by 3?
1
Suppose -2*d = 3*d. Suppose d = 4*f - 11 - 33. Calculate the remainder when f is divided by 7.
4
Suppose -4*b + 215 = -5*d, d + 0*d + 53 = b. Let o be 0/(0 + 2) + 2. Suppose 7*v - 85 = o*v. What is the remainder when b is divided by v?
16
Let s(j) = 5*j**2 + 2*j + 7. Let b(l) = -6*l**2 - 2*l - 8. Let f(w) = 4*b(w) + 5*s(w). What is the remainder when 29 is divided by f(-4)?
7
Suppose 0 = -b - 2*b + 15. Let o be (-16)/(-6)*(62 - b). Suppose -o = 4*a - 8*a. Calculate the remainder when a is divided by 13.
12
Let j = -12 - -18. Suppose 0 = h + 5*c + 4, 4*c - 7 = -2*h + 3. Calculate the remainder when h is divided by j.
5
Let k(o) be the first derivative of -2*o + 1 + 1/2*o**2. What is the remainder when 2 is divided by k(4)?
0
Let o(c) = c**2 - 8*c - 21. What is the remainder when o(11) is divided by 2?
0
Suppose 17 = 4*l - 4*o - 67, 12 = -3*o. Calculate the remainder when l is divided by (0 + -2 + 22)/2.
7
Let n = -1 - -5. Suppose -2*y = -2*a - 16, 3*a - 22 - 20 = -3*y. Let r = 0 + y. What is the remainder when r is divided by n?
3
Suppose 2*d - 3*l = -2*l + 15, -3*d - l = -35. Calculate the remainder when 18 is divided by d.
8
Suppose -37 = -5*z - 3*o, 4*o = z - 6*z + 41. Suppose -z*q = -m - 24, 5*m - 7*q = -3*q - 15. What is the remainder when 0/((-2)/m) + 28 is divided by 10?
8
Let o = 23 + -20. Calculate the remainder when (9 - o) + 2/1 is divided by 5.
3
Let j(h) = h**2 - 14*h + 13. Let p(y) = -3*y**2 + 41*y - 38. Let m(r) = 17*j(r) + 6*p(r). Let l = -6 + 12. What is the remainder when 8 is divided by m(l)?
3
Suppose -4*q - 58 = -2*f, 3*q - 106 = -10*f + 5*f. Calculate the remainder when 110 is divided by f.
18
Suppose 2*x = 2*b, -40 = -5*b - 5*x + 2*x. Suppose -g - 5 = -2*u + b, 5*g - 2*u = -10. Suppose -5*m + m + 100 = g. What is the remainder when m is divided by 9?
7
Let c = -13 + 23. Let y = -134 - -137. Calculate the remainder when c is divided by y.
1
Let t = -4 + 8. Suppose -2*u + 4*u = x + 22, t*u + 3*x = 44. What is the remainder when u is divided by 3?
2
Let g(p) = p**2 + p + 6. Calculate the remainder when g(6) is divided by 25.
23
Let d = 20 - 16. What is the remainder when d is divid